er when j is divided by 19?
17
Let z = 43 + -88. Let r = -16 - z. Let w = -664 - -750. Calculate the remainder when w is divided by r.
28
Calculate the remainder when 0/(-4 - 0) - -128 is divided by 34.
26
Let g(m) = -2*m**2 - 3*m - 3. Let j be g(-4). Let i = 34 + j. Calculate the remainder when (-1)/(52/53 - 1) is divided by i.
9
What is the remainder when ((-70)/(-3)*-3)/(9 - 11) is divided by 19?
16
Let m = -2 - -9. Suppose 3*z = 10*z - 1092. Calculate the remainder when z/8*4/3 is divided by m.
5
Suppose -5*c - 2*b + 195 = -7*b, -2*b = 5*c - 209. Let y = c - 10. Suppose 0 = 3*k + 6, -107 = -4*v + 3*k - 37. Calculate the remainder when y is divided by v.
15
Suppose 4*b - 82 = -2. Suppose 5*h - 13 = 177. What is the remainder when h is divided by b?
18
Let v(f) = -2*f**3 - 13*f**2 - 2*f - 20. Calculate the remainder when v(-7) is divided by 24.
19
Suppose 0 = 2*a + 1 + 9, 0 = 2*w + a - 3. Suppose w*b = -5*r + 467, 228 + 53 = 3*r + 2*b. Calculate the remainder when r is divided by 34.
27
Let q(y) = y**3 + 4*y**2 + 4*y - 1. Let n be q(-4). Let p = 5 - n. What is the remainder when 87 is divided by p?
21
Suppose -5*f + 6 + 27 = -4*h, -3*h + 27 = 2*f. Suppose 5*s + f = -6, -4*s = 5*c - 238. Calculate the remainder when c is divided by 17.
16
Suppose 4*n = 5*o - 35, -4*n = -o - 4 + 11. Let g(q) = q**2 - 7*q + 8. Calculate the remainder when 15 is divided by g(o).
7
What is the remainder when 190*77/(-14)*16/(-44) is divided by 2?
0
Let f(a) = -a - 23. Let n be f(-6). Let h = n + 56. Calculate the remainder when h is divided by 6.
3
Let p(m) = -m**3 - 12*m**2 + 12*m + 1. Let v be p(-12). Let j = v + 229. What is the remainder when j is divided by 11?
9
What is the remainder when -3 + -31*(-7)/1 is divided by ((-144)/(-40))/(1/15)?
52
Let h be -2*((-1106)/4 - -3). Suppose 2*w - 50 - 225 = -3*c, 5*c = -4*w + h. Suppose 0 = 5*o + 8 - w. What is the remainder when o is divided by 14?
11
Let j = 157 + -228. Let c = -36 - j. What is the remainder when c is divided by 13?
9
Suppose -17*a + 3*b - 1 = -16*a, -3*b + 34 = 2*a. What is the remainder when 60 is divided by a?
5
Let v(w) = w**3 - 5*w**2 - 2*w - 8. Let c(m) = m + 24. Let o be c(-18). What is the remainder when 29 is divided by v(o)?
13
Let c = 43 + -108. Let v(u) = -u**2 - 14*u + 118. Let b be v(-15). Let w = c + b. Calculate the remainder when w is divided by 13.
12
Let k(v) = -v**2 - 11*v. Let u = 12 - 20. Let w be k(u). Suppose f + 8 = w. What is the remainder when 30 is divided by f?
14
Let r = 185 + -57. Let b = -1597 - -1630. Calculate the remainder when r is divided by b.
29
Suppose 3*o - 20 = 25. Let a = -2917 + 2951. Calculate the remainder when a is divided by o.
4
Let w(x) = -x**3 - 7*x**2 - 6*x + 13. Let r(m) = m. Calculate the remainder when w(-6) is divided by r(8).
5
What is the remainder when (4/6)/(-1 + (-1278)/(-1269)) is divided by 26?
16
Suppose 153 = 10*d - d. What is the remainder when d is divided by 14?
3
Let a = -31 + 8. What is the remainder when 72 is divided by (-69)/a - (1 - 23/1)?
22
What is the remainder when 110 is divided by (258/8 - 5/20)/1?
14
Let k(m) = -m**2 - 21*m - 16. Let t be k(-20). Suppose a + t*x + 12 = 47, a + 5*x = 40. What is the remainder when a is divided by 8?
7
Let a(n) = 35*n**2 - n - 6. What is the remainder when a(-3) is divided by 45?
42
Suppose -2*z + 4*w - 16 = 0, -5 - 7 = 4*z - 4*w. Suppose -5*f = -3*f - 2*d - 494, 3*f - z*d = 739. What is the remainder when f is divided by 62?
59
Suppose -146 = y - 155. Suppose 77 = -2*k + y*k. What is the remainder when k is divided by 3?
2
Suppose -23 = -3*o + 2*p, -o + 8 = -5*p - 17. Calculate the remainder when 49 is divided by o.
4
Suppose 0 = -0*b + 3*b - 9. Suppose b*v = -5*l + 15, 6*l - l + 5*v = 25. Suppose 3*r + l - 114 = 0. Calculate the remainder when r is divided by 13.
12
Let h be (-2)/(-2) + 7 + 3. Let u = h + 15. What is the remainder when u is divided by (-287)/(-21) - (-2)/6?
12
Let k(h) = -11*h - 13. Let t = -30 - -49. Calculate the remainder when k(-8) is divided by t.
18
Suppose -24*p = -0*p - 624. What is the remainder when 48 is divided by p?
22
Suppose -i + 5*p + 16 = 0, -i + 7 = -7*p + 5*p. What is the remainder when -3*2/(-18)*12 is divided by i?
0
Let m = 4240 + -4206. Let l(a) = 2*a**2 + 2*a + 3. Let v be l(-2). Suppose -v*j = -3*j - 36. Calculate the remainder when m is divided by j.
7
What is the remainder when 26 is divided by (-192)/(-240)*15/2 + 4?
6
Suppose -2*h = -2*r + 22, -6*h = 5*r - h - 95. Let b = 0 + r. Suppose b = u - 1. What is the remainder when u is divided by 6?
4
Let t = -2 + 12. Let i(g) be the second derivative of 2*g**3/3 - 13*g**2/2 + 6*g - 3. What is the remainder when i(t) is divided by 10?
7
Let b(d) = -11*d**3 + 1. Suppose -7 = 2*f - 215. Suppose 3*x + 4*l = 150, 2*x = -0*x - 4*l + f. Calculate the remainder when x is divided by b(-1).
10
Let y(l) = 8*l**2 + 22*l - 1. Calculate the remainder when 194 is divided by y(-4).
38
Let v = 3 + 2. Let u(l) be the third derivative of -l**5/60 + l**4/4 + 7*l**3/6 - 20*l**2. What is the remainder when 23 is divided by u(v)?
11
Let z = -75 + 152. Calculate the remainder when z is divided by (13 + -7)/(3/20).
37
Suppose -5*w + 59 = -1. Calculate the remainder when 4/6*774/w is divided by 12.
7
Let c(j) be the third derivative of -j**6/120 - j**5/60 + j**4/12 - 2*j**3/3 + j**2. What is the remainder when c(-3) is divided by -2*(-1)/(-4)*-6?
2
Suppose 37*t - 42*t = -10. Suppose 3*l + 4380 = 5*b, b = 3*l - 0*b + 4392. What is the remainder when l/(-25) + t/5 is divided by 16?
11
Suppose -2*s = t - 6*t + 411, 3*t - 2*s = 245. What is the remainder when t is divided by 62?
21
Suppose -12*t + 4447 + 1853 = 0. What is the remainder when t is divided by 106?
101
Suppose 2 = 5*q - 3. Suppose 0 = -5*o - 3*r - 9, 2*r + 10 = -5*o - q. What is the remainder when 15 is divided by (-1)/((-52)/(-18) + o)?
6
Suppose 5*h + 9*s - 90 = 4*s, -4*h + 2*s + 66 = 0. Let y(w) = -2*w + 6. Let z be y(4). Let j = z + 8. What is the remainder when h is divided by j?
5
Let p be 1/3 + (-726)/(-9). Let m be 2/9 + 50/18. Suppose -m*n - p = -6*n. What is the remainder when n is divided by 7?
6
Suppose -204 = -2*z + 2*h, -3*h = 3*z - 133 - 161. What is the remainder when z is divided by 24?
4
Suppose 303 = 2*j + 783. Let p = -9 + 16. Calculate the remainder when (j/(-36))/((-1)/(-3)) is divided by p.
6
Suppose 0 = 3*p + 1 - 7, -54 = 5*s + 3*p. Let m(f) = -f**2 - 13*f - 4. Calculate the remainder when 39 is divided by m(s).
7
Let y = -48 + 96. Suppose -3*d + 4*j = -25, -5*d - 3*j = -0*d - 3. Suppose -5*h = -4*z - 45 - 68, 9 = d*z. Calculate the remainder when y is divided by h.
23
Suppose 0 = -119*k + 115*k + 340. Calculate the remainder when k is divided by 35.
15
Suppose -n - 7 = -c - 0*c, 3*c = 4*n + 24. Let k = 18 + 1. What is the remainder when k is divided by c?
3
Suppose -3*r + 2*r = 0, -r - 9 = -3*w. Let p = w - -9. Calculate the remainder when 59 is divided by p.
11
What is the remainder when 133 is divided by 1 + -1 - (2/(-2) + -14)?
13
Let k(v) = 6*v**2 + 16*v - 67. Let y = -24 - -56. What is the remainder when k(4) is divided by y?
29
Let r = 30 - -111. What is the remainder when r is divided by 16?
13
Let f(q) = -20*q + 13. Calculate the remainder when f(-3) is divided by 15.
13
What is the remainder when (-3069)/(-44) - 12/16 is divided by 37?
32
Suppose -s - 3*g + 31 = 1, s + 4*g = 33. Calculate the remainder when 281 is divided by s.
8
Let v(w) = 4 + 6*w - 10*w - 3*w + 2*w**3 - w**3 - 7*w**2. Suppose h + 2*h - 55 = -d, -4*h = -3*d + 126. What is the remainder when d is divided by v(8)?
10
Let f(z) be the first derivative of z - 1 - 1/2*z**2. What is the remainder when f(-6) is divided by 3?
1
Let g = 15 + -39. Let s = g - -40. What is the remainder when s is divided by 3?
1
Let k = 212 - 129. Let m = -39 + k. Calculate the remainder when 85 is divided by m.
41
Let i be (63/14)/((-2)/(-8)). Suppose -2*j + i = -56. Let a = j - 13. What is the remainder when a is divided by 9?
6
Let z = -7 + 10. Let d = -11 - -133. Let s = -119 + d. Calculate the remainder when z is divided by s.
0
Suppose -2176*s = -2185*s + 621. Calculate the remainder when 242 is divided by s.
35
Suppose 4*b - 7*c - 2365 = -12*c, -20 = -4*c. Calculate the remainde